 8155 is divided by 222?
163
Calculate the remainder when 1644527 is divided by 24.
23
Calculate the remainder when 12160 is divided by 145.
125
What is the remainder when 82731 is divided by 26?
25
What is the remainder when 43066 is divided by 590?
586
Calculate the remainder when 118097 is divided by 65.
57
What is the remainder when 91613 is divided by 9160?
13
Calculate the remainder when 34929 is divided by 28.
13
What is the remainder when 15959 is divided by 52?
47
Calculate the remainder when 1035 is divided by 146.
13
Calculate the remainder when 50117 is divided by 30.
17
What is the remainder when 21685 is divided by 148?
77
What is the remainder when 4020 is divided by 152?
68
Calculate the remainder when 6536 is divided by 1470.
656
What is the remainder when 77381 is divided by 3223?
29
What is the remainder when 11117 is divided by 513?
344
Calculate the remainder when 132813 is divided by 43.
29
Calculate the remainder when 38421 is divided by 3492.
9
What is the remainder when 16561 is divided by 784?
97
What is the remainder when 7079 is divided by 692?
159
What is the remainder when 966 is divided by 293?
87
Calculate the remainder when 697116 is divided by 165.
156
Calculate the remainder when 9398 is divided by 863.
768
Calculate the remainder when 8161 is divided by 338.
49
Calculate the remainder when 8645603 is divided by 85.
83
What is the remainder when 5314 is divided by 254?
234
Calculate the remainder when 575711 is divided by 389.
380
Calculate the remainder when 8882 is divided by 845.
432
What is the remainder when 6019 is divided by 4298?
1721
What is the remainder when 346609 is divided by 274?
273
Calculate the remainder when 518 is divided by 116.
54
Calculate the remainder when 3128 is divided by 11.
4
Calculate the remainder when 21310 is divided by 410.
400
Calculate the remainder when 3338 is divided by 3237.
101
What is the remainder when 998 is divided by 877?
121
What is the remainder when 4383 is divided by 8?
7
Calculate the remainder when 1695127 is divided by 1790.
1787
Calculate the remainder when 67210 is divided by 105.
10
Calculate the remainder when 107322 is divided by 103.
99
Calculate the remainder when 13437 is divided by 3353.
25
Calculate the remainder when 22191 is divided by 88.
15
Calculate the remainder when 2802 is divided by 1388.
26
What is the remainder when 40765 is divided by 187?
186
What is the remainder when 97588 is divided by 24397?
0
Calculate the remainder when 22005 is divided by 28.
25
What is the remainder when 64098 is divided by 10?
8
What is the remainder when 4056 is divided by 1093?
777
What is the remainder when 998945 is divided by 21?
17
What is the remainder when 2275 is divided by 101?
53
What is the remainder when 13317 is divided by 12470?
847
What is the remainder when 11798 is divided by 986?
952
What is the remainder when 2119 is divided by 118?
113
What is the remainder when 2627458 is divided by 18?
16
Calculate the remainder when 119144 is divided by 39624.
272
Calculate the remainder when 7992 is divided by 286.
270
Calculate the remainder when 502835 is divided by 292.
11
Calculate the remainder when 25741 is divided by 1354.
15
Calculate the remainder when 30711 is divided by 370.
1
What is the remainder when 3634 is divided by 1195?
49
Calculate the remainder when 4808 is divided by 202.
162
Calculate the remainder when 2945 is divided by 986.
973
What is the remainder when 9530 is divided by 799?
741
Calculate the remainder when 16438 is divided by 14.
2
Calculate the remainder when 892559 is divided by 15.
14
Calculate the remainder when 3787 is divided by 752.
27
What is the remainder when 282236 is divided by 392?
388
What is the remainder when 10208 is divided by 13?
3
Calculate the remainder when 9229 is divided by 1022.
31
What is the remainder when 1954 is divided by 20?
14
What is the remainder when 2246 is divided by 196?
90
What is the remainder when 152504 is divided by 18?
8
What is the remainder when 7456 is divided by 740?
56
Calculate the remainder when 611 is divided by 299.
13
Calculate the remainder when 3036739 is divided by 398.
397
Calculate the remainder when 1255 is divided by 15.
10
Calculate the remainder when 276495 is divided by 2363.
24
Calculate the remainder when 125410 is divided by 12.
10
What is the remainder when 4402 is divided by 2182?
38
What is the remainder when 21240 is divided by 21228?
12
Calculate the remainder when 6516 is divided by 2168.
12
What is the remainder when 21633 is divided by 42?
3
What is the remainder when 166 is divided by 140?
26
Calculate the remainder when 6200 is divided by 1229.
55
Calculate the remainder when 233803 is divided by 429.
427
Calculate the remainder when 3670 is divided by 100.
70
Calculate the remainder when 765 is divided by 1.
0
Calculate the remainder when 290 is divided by 21.
17
What is the remainder when 5372 is divided by 1313?
120
What is the remainder when 1274 is divided by 282?
146
Calculate the remainder when 129637 is divided by 237.
235
What is the remainder when 8397 is divided by 1197?
18
Calculate the remainder when 100584 is divided by 35.
29
Calculate the remainder when 8552 is divided by 1275.
902
Calculate the remainder when 6389 is divided by 42.
5
What is the remainder when 7905 is divided by 360?
345
Calculate the remainder when 19426 is divided by 413.
15
Calculate the remainder when 1155323 is divided by 37.
35
What is the remainder when 1388 is divided by 416?
140
What is the remainder when 193084 is divided by 9?
7
What is the remainder when 1119165 is divided by 1072?
1069
Calculate the remainder when 26877 is divided by 6.
3
What is the remainder when 22020 is divided by 9?
6
Calculate the remainder when 23052 is divided by 202.
24
What is the remainder when 4674 is divided by 992?
706
What is the remainder when 516350 is divided by 520?
510
What is the remainder when 23607 is divided by 234?
207
What is the remainder when 15990 is divided by 397?
110
What is the remainder when 86260 is divided by 1835?
15
What is the remainder when 5970 is divided by 76?
42
What is the remainder when 2948 is divided by 112?
36
What is the remainder when 1761 is divided by 172?
41
What is the remainder when 276 is divided by 5?
1
Calculate the remainder when 33895 is divided by 364.
43
What is the remainder when 5891060 is divided by 51?
50
What is the remainder when 448 is divided by 198?
52
What is the remainder when 79693 is divided by 88?
53
What is the remainder when 182911 is divided by 493?
8
Calculate the remainder when 193777 is divided by 2039.
72
What is the remainder when 12715 is divided by 4236?
7
Calculate the remainder when 2403 is divided by 417.
318
Calculate the remainder when 17810 is divided by 164.
98
What is the remainder when 15605 is divided by 410?
25
Calculate the remainder when 616 is divided by 114.
46
What is the remainder when 27769 is divided by 37?
19
What is the remainder when 403928 is divided by 6?
2
What is the remainder when 64005 is divided by 21211?
372
Calculate the remainder when 104487 is divided by 270.
267
What is the remainder when 25317 is divided by 1206?
1197
Calculate the remainder when 1577094 is divided by 119.
106
What is the remainder when 8197 is divided by 22?
13
What is the remainder when 46309 is divided by 31?
26
Calculate the remainder when 2485 is divided by 616.
21
What is the remainder when 9878 is divided by 47?
8
What is the remainder when 67221 is divided by 498?
489
What is the remainder when 558 is divided by 217?
124
What is the remainder when 2784 is divided by 1048?
688
What is the remainder when 1162 is divided by 14?
0
What is the remainder when 6908 is divided by 218?
150
What is the remainder when 202360 is divided by 62?
54
Calculate the remainder when 6443 is divided by 250.
193
What is the remainder when 3193 is divided by 122?
21
Calculate the remainder when 4862 is divided by 4467.
395
Calculate the remainder when 2065 is divided by 2059.
6
What is the remainder when 24926 is divided by 194?
94
What is the remainder when 20641 is divided by 773?
543
What is the remainder when 239750 is divided by 88?
38
Calculate the remainder when 35665 is divided by 435.
430
What is 